 3*l + 20 = 0. Let j be (5 - 2 - 0 - 0)/(3/(-39)). What is the tens digit of (s - 35/(-21))*j/2?
6
Suppose -2172 - 329 = -y. Suppose 9*g = -530 + y. What is the hundreds digit of g?
2
Let a(h) = 133*h - 2066. What is the ten thousands digit of a(117)?
1
Suppose -54 + 1668 = -6*h. Let q = 213 - h. What is the units digit of q?
2
Let o(q) = 0*q - 2 + 5*q - 12 + 4*q. Let j(x) = -6*x - 26. Let n be j(-7). What is the units digit of o(n)?
0
Suppose 6*y = 2*y + 3*h, -4*y - 4*h = 0. Suppose -2*m = -0*j - 2*j + 546, 3*j - m - 815 = y. What is the units digit of j?
1
Let k be (-1 - 2) + (-3 + -2 - -15). Let q be (-4)/(-16) + ((-196)/(-16))/k. What is the units digit of -3 - (-332)/4*q?
3
Let q(x) = 4*x**2 - 7*x + 2. Let t be q(-5). Let a be 5 + 6 - 12 - (2 - (9 - 1)). Suppose -13 - t = -a*g. What is the units digit of g?
0
Let m be (-47 - 1)/((-32)/64). What is the thousands digit of (-1)/4 + 193272/m?
2
Suppose -19*t = -4*p - 14*t - 22, -3*t = -3*p - 18. Let l(m) be the first derivative of -2*m**2 - 28*m + 5. What is the units digit of l(p)?
4
Suppose -2*c + 10 = 0, 2*u - 16*c + 14*c = 39374. What is the thousands digit of u?
9
Suppose 2*t + 3 = 5. What is the units digit of (-2107)/(-14) + t/2?
1
Let f = -1843 - -5748. Suppose 0 = -10*s + f - 875. What is the units digit of s?
3
What is the thousands digit of (-4)/(11/(1121362/(-8)))?
0
Let a = -33 - -16. Let f = -16 - a. What is the units digit of 1*(-5 + 6 + 16 + f)?
8
Let s(a) = -a**3 + 121*a**2 + 78*a + 939. What is the hundreds digit of s(120)?
6
Suppose -2*n - 13*d = -8*d - 85, 0 = -n - 3*d + 41. Let w(q) = -q**3 + 52*q**2 - 81*q - 24. What is the units digit of w(n)?
6
Suppose -k = u - 43602, 4*u = k + 244259 - 69866. What is the hundreds digit of u?
5
Suppose 4*w - 4*y - 17198 = 48522, 5*y + 65719 = 4*w. What is the ten thousands digit of w?
1
Let r(n) = 46*n**3 + 2*n**2 + 52*n - 129. What is the tens digit of r(7)?
1
Let y(g) = 4*g**2 - 18*g - 2. Let b be (-15)/(-6)*4*14/20. What is the units digit of y(b)?
8
Suppose 5*n + 223 + 114 = -4*q, 5*q + 2*n = -434. Let j = q + 88. Suppose 0 = -3*p + 12, j*p = -4*i - 3*p + 692. What is the tens digit of i?
7
Let v be ((-38)/(-114))/((-1)/(-18)). Suppose 918 = -v*s + 8430. What is the thousands digit of s?
1
Let c be ((-8)/(-10))/(0 - (-4)/10). Let a be 21/6*(2 - (c + -4)). Suppose -a - 71 = -5*k. What is the units digit of k?
7
Let c be (-2 - (-137)/(-5))*(-20)/4. What is the units digit of (-2 + -1)*10*c/(-6)?
5
What is the thousands digit of (0 - -4) + 70148/(-78)*12/(-2)?
5
Let l = 266 - -230. Let i = 1198 - l. What is the units digit of i?
2
Suppose -175 = 6*y + 1601. Let w = 956 + y. What is the tens digit of w?
6
Let r be ((1 - -4)/15)/((-1)/(-21)). Suppose -3*b = 3*z - 591, 2*z + 1001 = r*z - 3*b. What is the units digit of z?
9
Suppose -40 = -5*p - 5*n + 10, -2*p + 29 = 5*n. What is the tens digit of (663 - 63/p) + -2?
5
Suppose 142*d + 10*d - 70528 = 0. What is the hundreds digit of d?
4
Let q(m) = 2424*m**2 + 191*m - 2. What is the thousands digit of q(-3)?
1
Let c(m) = -74*m + 44 + 34*m + 36*m. What is the tens digit of c(-15)?
0
Let z = -23379 + 67270. What is the thousands digit of z?
3
Suppose -58*z = -64*z. Suppose z = 4*h - 4*w - 541 - 895, -4*h = 3*w - 1422. What is the units digit of h?
7
Suppose -4*b + 708 = -252. Suppose -7*k + 2*k + b = 0. Suppose -5*p + 242 = 2*c - k, -2*p + 446 = 3*c. What is the hundreds digit of c?
1
Suppose 42 = -0*q + 5*q + d, 4*q - 48 = 4*d. Suppose 0 = -5*n + t + 4526, 2*t - q = -1. What is the tens digit of n?
0
Suppose 0*p = -4*p + 24. Suppose v + 40 = p*v. What is the tens digit of 10/80 + 463/v?
5
Let j be 1 - 5 - (-60 + -4). Let p = 75 - j. Suppose 10*r - p*r = -750. What is the tens digit of r?
5
Suppose 13*t - 2164 - 40398 = 0. What is the tens digit of t?
7
Let q = 416 - 68. Suppose -9*a + 2981 - 938 = 0. Let g = q - a. What is the tens digit of g?
2
Let x = -25233 + 28827. What is the hundreds digit of x?
5
Let i(t) = -26*t - 43. Let o = -151 + 145. What is the units digit of i(o)?
3
Let a(v) = 88*v**2 - 81*v + 1068. What is the units digit of a(13)?
7
Suppose 4*k + 2*b = 96, 16*b - 4 = 18*b. Suppose k*a - 1874 - 7101 = 0. What is the hundreds digit of a?
3
Let q(y) = 7*y + 3. Suppose -4*m - 5*f = -204, -5*m - f + 238 = f. Let s = m + -43. What is the tens digit of q(s)?
2
Suppose 3*o - 6249 = 5*f, 4*f - 111 = 3*o - 6357. What is the thousands digit of o?
2
Suppose -1160*d = -1186*d + 100516. What is the thousands digit of d?
3
Suppose -34*q - 163488 = -7*q - 527259. What is the tens digit of q?
7
Let j = 90 + -109. Let n = j - -149. Suppose 0 = -5*h + 685 - n. What is the tens digit of h?
1
Let y = -86 - -94. Let m(g) = 3 + 6*g - y - 70*g. What is the hundreds digit of m(-2)?
1
Suppose -276 = 3*j + 63. Let g = j - -68. What is the units digit of -1 + 51/45 - 174/g?
4
Let p = 971 + -560. Let u = p + -173. What is the units digit of u?
8
What is the ten thousands digit of (-23)/((-414)/606718) + 4/9?
3
Let q = -69 - -77. Suppose 10*t + 102 = q*t. Let m = 327 + t. What is the units digit of m?
6
Suppose 0 = 11*h - 9*h - 618. Let f = h + -225. What is the tens digit of f?
8
Suppose g - 6*g = 4*m - 1212, -5*m = -3*g - 1478. Let n = m + -197. What is the hundreds digit of n?
1
Suppose 9576 = 6*x + 3066. What is the hundreds digit of x?
0
What is the hundreds digit of ((-365)/15 - -23)/((2/2)/(-1791))?
3
Let o = 14036 + -7923. What is the hundreds digit of o?
1
Let i = -3870 - -9884. What is the thousands digit of i?
6
Suppose 0 = -11*t - 4*g + 87527, 4*g = 8*t - 11*t + 23871. What is the units digit of t?
7
Let w = 35 + -34. Let v be (w - 26/6)*-9. Let r = v + -16. What is the units digit of r?
4
Let a = 25674 + -17761. What is the thousands digit of a?
7
Let z(j) be the third derivative of -31*j**4/24 - 2*j**3/3 - 120*j**2. What is the tens digit of z(-4)?
2
Let u = 12983 - -4444. What is the units digit of u?
7
Let p(x) = 17*x - 26. Let n(k) = 9*k - 13. Let r(l) = -7*n(l) + 4*p(l). Let g be r(2). What is the units digit of (123/9*g)/((-1)/2)?
2
Let g(y) = 148*y - 17. Let l be 1 + -1 + 20/(3 + 1). What is the units digit of g(l)?
3
Let x(h) = 16*h - 241. Let n be x(35). Suppose 4121 + n = 20*z. What is the tens digit of z?
2
Let q(d) = -13*d**3 + d**2 + 22*d + 129. What is the units digit of q(-5)?
9
Let l = 26612 + 10688. What is the ten thousands digit of l?
3
Let i = -6 - -15. Let d(w) = 13*w + 8*w - i + 61*w**2 - 60*w**2. What is the units digit of d(8)?
3
Suppose -9*f = -4*f + 45. Let j be f - -29 - 0/(-1). Suppose 8*p = -j + 404. What is the tens digit of p?
4
Suppose 152*c = 147*c - 510. What is the hundreds digit of (-2 - 4)/(1/c) - -2?
6
Suppose 7*o + 105 = 147. What is the hundreds digit of 1994/o - 20/(-30)?
3
Suppose -2*h = -s - 988, -5*s - 2184 = -4*h + 2738. Let d = -42 - s. What is the units digit of d?
0
Suppose 135 = -8*o + 3*o. Let h be (-3 + 10 + -8)*-129. Let q = h + o. What is the hundreds digit of q?
1
What is the hundreds digit of (44 + -42)/(96021/(-288225) + 2/6)?
6
Let c = 58 + -93. Suppose -2*h - 3*m = -179, 478*m - 477*m - 189 = -2*h. Let x = c + h. What is the units digit of x?
2
Let w = 8665 + -5544. What is the units digit of w?
1
Let m(x) = -7*x**3 - 10*x**2 + 13*x - 39. Let u be m(6). Let b = u - -3334. What is the hundreds digit of b?
5
Suppose 5*f = 10*f - 4*n - 25060, -2*n = 4*f - 20022. What is the tens digit of f?
0
What is the ten thousands digit of (-107 + 99)*(-7917)/4?
1
What is the thousands digit of (10/(-25))/((-78)/1706055)?
8
Suppose -50726 = -w - 11*a + 10*a, 5*w - 253616 = -3*a. What is the hundreds digit of w?
7
Let d(y) = 102*y**3 - 8*y**2 + 11*y - 21. What is the units digit of d(4)?
3
Let i(x) = 16*x + x**2 - 1 + 36*x**3 - 16*x. Let n be i(1). Suppose -4*h - 4*a = 19 - 83, 0 = h - 3*a - n. What is the tens digit of h?
2
Let l be (-567)/(-6)*44 - -2. Suppose -l = 5*u - 13*u. Suppose -x = -3*x + k + u, 2*x - 532 = 4*k. What is the units digit of x?
8
Let q be (-2 + 9 + -10)/(6/(-10)). Suppose q*j + 2457 = -f - 3*f, f = -5*j - 2448. What is the hundreds digit of 2/(-6)*j - -3?
1
Let u(c) = c**2 + 13*c + 1. Let k(l) = 8*l - 50. Suppose 3*x = 2*x + 5, 12 = w + x. Let s be k(w). What is the tens digit of u(s)?
1
What is the thousands digit of (-854